
Suppose 864*o - 44964370 - 60975 = 1045727. What are the prime factors of o?
53323
Suppose 4*a - 2*i + 708 = 0, -5*a - 109 - 750 = 4*i. Suppose -g + 25 = 5*k, 14*g - k - 58 = 10*g. Let j = g - a. What are the prime factors of j?
2, 5, 19
Suppose -3*t + 12 = -6*t. Let d(j) = -j**3 - 3*j**2 + 3*j + 12. Let n be d(t). Let w = n - -50. List the prime factors of w.
2, 3, 11
Let u(r) = -3*r - 33. Let s be u(-12). Let a be (306/(-8))/(s/12). List the prime factors of (2/(-1))/(3/a).
2, 3, 17
Let u be ((-6)/(-4))/(8/16). Suppose 0 = -u*l - 115 - 119. Let w = l - -104. List the prime factors of w.
2, 13
Suppose 2*z = 2, 4*z = 2*r - 0*z - 330. Suppose -11*i + 152 = -r. Suppose i = 3*k - 16. List the prime factors of k.
3, 5
Let x be 11/(110/(-52))*-70. Let y = 662 - x. Let t = y - -5. What are the prime factors of t?
3, 101
Suppose 5*c + 21834 = 73414. List the prime factors of c.
2, 2579
Suppose 0 = -2*i, 1585 = 3*h + 5*i - 422. What are the prime factors of (5 - 7)*(-2 - h/2)?
673
Let z = 186 + -182. Let k = 71 - -118. Suppose -3*w = z*q + q - 136, q + k = 4*w. List the prime factors of w.
47
Let z be (-4)/18 + 485/(-45). Let w(c) = c**3 + 12*c**2 + 11*c + 3. Let v be w(z). Suppose 0 = -3*d + 7*d + 16, -d + 113 = v*r. List the prime factors of r.
3, 13
Let b = -37945 - -60017. List the prime factors of b.
2, 31, 89
Let n(l) = 124*l**2 - 52*l - 277. What are the prime factors of n(-5)?
3083
Suppose -2*x - 3*d = -4, 0 = x - 2*x + 3*d + 11. Suppose -3*y + 4*h = -h - 363, -x*y + 571 = 3*h. List the prime factors of y.
2, 29
Let m be 47 - (3 - 2)*3. Let k = m - 42. Suppose -k*c + 240 = 2*c. What are the prime factors of c?
2, 3, 5
Suppose 2*c = g + 531, -1305 = -5*c - 5*g + 3*g. Suppose -5*s + 777 = -1473. Let r = s - c. What are the prime factors of r?
11, 17
Suppose 17114 = 4*a - 5*s, 59870 = 14*a - 5*s + 2*s. What are the prime factors of a?
2, 1069
Let j(w) = 106*w + 1496. What are the prime factors of j(-11)?
2, 3, 5, 11
Suppose 7*v - 20279 = 20717 + 619. List the prime factors of v.
5, 29, 41
Suppose -4*s - 4 = 5*r + 40, 0 = -5*s - 2*r - 38. Let z = 143 + s. Suppose 2*t - z - 57 = 0. What are the prime factors of t?
97
Let s(k) = 199*k + 1188. List the prime factors of s(89).
18899
Let n = 2755 - -5336. List the prime factors of n.
3, 29, 31
Let z(o) = o**2 - 19*o + 19. Let g be z(18). Let t be ((-4)/(-4))/(g/(-47)). Let w = t - -63. What are the prime factors of w?
2
Let d(z) be the first derivative of -z**2/2 - 20*z + 13. Let a be d(-19). List the prime factors of a + 0 - -63 - -4.
2, 3, 11
Let q = -2191 - -5929. Suppose -37*v + 31*v = -q. List the prime factors of v.
7, 89
Suppose 5*m = -5*a + 54880, a - m + 5765 - 16745 = 0. List the prime factors of a.
2, 11, 499
Suppose -13*m + 84 = 19. Let r(i) = i**3 - i**2 + 2*i - 5. Let t(c) = -2*c**3 + c**2 - 3*c + 11. Let u(v) = m*r(v) + 2*t(v). What are the prime factors of u(3)?
3
Let z = 41016 + -24438. List the prime factors of z.
2, 3, 307
Let k(n) = 48168*n**2 - 21*n + 36. What are the prime factors of k(1)?
3, 16061
Let l(u) = u**2 + 8*u - 16. Let f be l(-10). Let i be (-2)/4*f/(-1). Suppose -5*k - x + 363 = x, i*k - 146 = -x. List the prime factors of k.
71
Let c(o) = o**2 + 7*o - 3. Let t = -162 - -174. List the prime factors of c(t).
3, 5
Suppose -10 = 2*c, 0 = 6*j - 4*j - 5*c - 13. List the prime factors of (-20 + j)/(2*(-2)/66).
3, 11, 13
Suppose -t + 13*s = 11*s - 4018, -16052 = -4*t + 4*s. What are the prime factors of t?
2, 3, 167
Suppose -645 = -5*n + d, 3*n - 409 = -0*n + 5*d. Suppose 0*b - n = b. Let j = b + 181. List the prime factors of j.
53
Let h be 1/(-2)*(12 + -30). Suppose 5*q = 25, -2*q = y + 2*q + h. Let f = 177 - y. What are the prime factors of f?
2, 103
Let y(c) = 3*c**3 - 9*c**2 - 2*c - 3. Let u be y(8). Suppose -u = -3*z + 2*q, -3*z + 6*q + 921 = 9*q. List the prime factors of z.
311
Suppose 5*f - 38 = -2*q, -2*q + 0*q - 4*f + 34 = 0. Suppose -10*x = -q*x - 2. Suppose -3*o - o - t = -70, x*o - 46 = 5*t. What are the prime factors of o?
2, 3
Suppose -2*u - 2*u = 4, -5*c + 5 = 5*u. What are the prime factors of 498*(10 + -11)/(c/(-3))?
3, 83
Suppose -17*v = 38*v - 1210. Suppose 0*h - 3*h = 36. What are the prime factors of (-4*v/h)/(2/45)?
3, 5, 11
List the prime factors of -22 - -8 - (-2162 - -23).
5, 17
Let c be 7/(2/10 - 12/135). List the prime factors of (c/6)/(25/50).
3, 7
Let a(u) = 2507*u**2 + 339*u - 683. List the prime factors of a(2).
3, 13, 257
Suppose -12 = 2*k, -3*f + 22*k + 35265 = 18*k. List the prime factors of f.
17, 691
Suppose -120 = 3*f - 3*a + 510, -4*f + 3*a = 835. List the prime factors of (-6*f/(-35))/((-1)/7).
2, 3, 41
Let u = -377 + 494. Suppose 86*f = 83*f + u. What are the prime factors of f?
3, 13
Let s = 5731 + 99. List the prime factors of s.
2, 5, 11, 53
Let m = 109921 + -35564. What are the prime factors of m?
74357
Suppose 788*k - 789*k - 61466 = -2*a, 0 = a - 5*k - 30760. List the prime factors of a.
2, 5, 7, 439
Suppose 3*g - 8*g - 35074 = -2*a, 0 = 5*a - 3*g - 87723. What are the prime factors of a?
3, 5849
Suppose 4*t + 4*c - 8 = 0, 3*t + 3*c = -2*t + 12. Suppose 2*o + 224 = 3*o - j, 668 = t*o - j. What are the prime factors of o?
2, 3, 37
Let y be (-5 + -224)*(3 + 0). List the prime factors of (14 - 18) + -2*y/2.
683
Suppose 0*m = 2*m - 2*y - 356, -896 = -5*m + 3*y. Suppose -g = 5*r - 4*g - m, 2*r - 91 = -5*g. List the prime factors of r.
2, 19
Let o = 20218 + -16230. List the prime factors of o.
2, 997
Suppose 0 = -4*i + 24, 0 = -8*z + 9*z - i - 17920. What are the prime factors of z?
2, 8963
Let v be 90 + -2 + (-336)/84. Let k(f) = 16*f. Let u be k(-1). Let r = v + u. List the prime factors of r.
2, 17
Suppose -4*z + 7*k - 2*k = -40, 5*k = z - 10. What are the prime factors of 5*41 - (z + -16)?
211
Let p(j) = 3*j**2 - 3*j + 3. Let o(y) = -y + 14. Let v be o(12). Suppose -2*t + 2*m + 16 = 0, 3*t + 6*m - 3 = v*m. What are the prime factors of p(t)?
3, 7
Let f(b) = -b**3 + 6*b**2 - 5*b + 4. Let o be f(5). Suppose -h + 33 = o*j, -2*h - 16 = -5*j + 22. Suppose j*l - 12*l = -744. List the prime factors of l.
2, 3, 31
Suppose 5927 = -5*w + 3*y + 24231, 2*y = 4*w - 14642. What are the prime factors of w?
3659
Suppose -905*w + 901*w + 2*k + 61470 = 0, -5*k + 5 = 0. What are the prime factors of w?
2, 17, 113
Suppose -5*o = -4*o + 9. Let c(w) = -2*w**3 - 29*w**2 + w + 6. Let d(s) = -s**3 - 14*s**2 + 3. Let j(h) = o*d(h) + 4*c(h). List the prime factors of j(-4).
7, 11
Suppose 60 = 7*c - 5*c. Let h = 30 - c. Suppose h = -8*s + 1577 - 489. List the prime factors of s.
2, 17
Suppose 4*z - 8 = 2*b, b - 2 = -4*z + 3*z. Let w be b*((-2)/2)/1. Suppose w = -2*q - 1 + 77. What are the prime factors of q?
2, 19
Let l(q) = 3*q**2 + 84*q - 6562. List the prime factors of l(-129).
5, 1301
Suppose -1794 = -31*s + 28*s + 3*x, -3008 = -5*s - x. List the prime factors of s.
601
Let w = 88 - 28. Let s = 62 - w. What are the prime factors of s?
2
Let v(m) be the first derivative of m**5/60 + m**3/3 - 17*m**2/2 + 11. Let y(g) be the second derivative of v(g). What are the prime factors of y(-7)?
3, 17
Suppose 54*w - 6 = 53*w. Suppose 4*k - 6104 = -5*p, -7*p + w*p + 4 = 0. What are the prime factors of k?
3, 13
Suppose 2*x + 4*f - 11197 = -937, 2*x - 10262 = -5*f. What are the prime factors of x?
2, 11, 233
Let a be (-1)/(28/12) - (-228)/42. Suppose 520 = h - 9*m + 7*m, -a*m + 2015 = 4*h. List the prime factors of h.
2, 3, 5, 17
Let r(i) = i**2 - 17*i - 25. Suppose 13*m - 18 - 346 = 0. What are the prime factors of r(m)?
283
What are the prime factors of (36/(-12))/((-12)/44728) - -2?
2, 3, 233
Suppose -5*x - 9 = 2*c, -5*c - x + 2*x - 36 = 0. Let t(d) = 3*d**2 + 21*d - 3. Let r be t(c). List the prime factors of 14 + (30/(-8) - r)*-4.
17
Let d(y) = -y**3 - 11*y**2 - y - 15. Let k be d(-10). Suppose 7*z = 2*z + 90. What are the prime factors of (7/(k/z))/(8/(-260))?
3, 13
Let z = -91 + 133. Let x = -40 + z. Suppose l = -0*t - t + 169, x*l = 3*t + 333. List the prime factors of l.
2, 3, 7
Suppose -5*d + 17*d = 0. Suppose 23*k - 31*k + 336 = d. What are the prime factors of k?
2, 3, 7
Let n be (-2)/((-8)/((-12)/(-3)))*19. Suppose -2*q = -69 - n. What are the prime factors of q/110 + (-78)/(-5)?
2
Let j = 174 + -148. Suppose 4158 = j*s - 3746. What are the prime f